 + 1058618. Is h a composite number?
True
Suppose -194*j + 4736774 = -124951 - 2745209. Is j a composite number?
True
Suppose -11 = 17*t - 45. Suppose t*b = 3*y + 5*b - 624, -b - 3 = 0. Is y a composite number?
False
Let j(l) be the third derivative of l**5/4 - l**4/4 - 7*l**3/3 + l**2. Let v(k) = -101*k - 902. Let z be v(-9). Is j(z) composite?
True
Let b = -5010 + 9629. Suppose -17*v + 310340 + b = 0. Is v prime?
False
Suppose 10*f = 3*k + 8*f - 1273679, -5*f - 1273682 = -3*k. Is k prime?
True
Is -3*(4 - (-323835)/(-45)) a composite number?
False
Suppose -o = -2*v - 3379, 20*o - 16839 = 15*o + 2*v. Is o prime?
False
Let u be 112/40 - -1 - (-4)/(-5). Suppose -5*n + 2*g = -45977, -u*n - n + 2*g + 36780 = 0. Is n a composite number?
True
Suppose 4*d - 18 = 7*d, -4*d = 3*x - 24279. Is x a prime number?
True
Suppose 2*d + 3*f - 92819 = 0, -3*d = -5*f + 46681 - 185919. Is d a composite number?
False
Suppose 4*r + 370 - 74 = 0. Let a = -71 - r. Suppose 5*m - 4*n - 9877 = 0, -a*n + 3934 = 2*m + n. Is m prime?
True
Let g(j) = 13984*j - 666. Is g(55) prime?
False
Suppose 27*k + 39 = -177. Is (k/(-12) + (-2)/6)*28209 composite?
False
Let l be 9822/(-6)*(-1 - -2). Let a = -1008 - l. Is a a prime number?
False
Suppose -3*m = -9088 - 4046. Suppose 3*h - 4*f - 13471 = 0, -2*f - 18083 = -5*h + m. Is h a composite number?
False
Let i be (286/(-39))/(2/3). Let m(y) = -y - 8. Let x be m(i). Suppose 3*z - 617 = -3*q + q, x*q + 597 = 3*z. Is z prime?
False
Suppose -21*d + 46*d - 68649821 - 73493754 = 0. Is d prime?
False
Let m be -8 + (-4 - 4385) + -7. Let t = m + 8507. Is t prime?
False
Let i(a) = -a**3 + 7*a**2 - 6*a - 4. Let s be i(5). Let r be 4*16/160*5. Suppose r*y + 1274 = s*y. Is y a prime number?
False
Suppose -2*p + 21209 + 3813 = 0. Is p a composite number?
False
Let t(j) = 4*j - 21. Suppose 0 = 5*x + 2*x - 42. Let w be t(x). Suppose -2*l + 590 = -b, -415 = -w*l - 4*b + 448. Is l composite?
False
Let c(u) be the second derivative of -15*u + 1/20*u**5 - 1/3*u**4 - 3/2*u**3 + 0 + 7/2*u**2. Is c(9) prime?
True
Suppose -17*j = 48*j - 115111 - 2357424. Is j a prime number?
True
Let w(c) = -c**3 + 3*c**2 + 5*c - 1. Let l be w(4). Suppose 0 = l*z + 3*b - 18, -10*b = 3*z - 15*b + 22. Let x(o) = 885*o**2 + 5*o - 3. Is x(z) composite?
False
Let d = -172 + 177. Suppose d*z + 789 = 8*z. Is z a prime number?
True
Let d(b) = -944*b**3 - 11 + 432*b**3 + 339*b**3 - 8*b**2 - 7*b. Is d(-3) a prime number?
False
Suppose 0 = 14*y - 44*y + 839835 + 475575. Is y a prime number?
False
Let l(y) = 5764*y**2 - 960*y + 6735. Is l(7) a composite number?
True
Let n(z) = 351*z**2 + 3*z. Let k be n(-3). Let p = -759 - -1536. Suppose 6*h = 4*l + h - k, -l + p = 4*h. Is l prime?
False
Let n be (-29 - -28) + (1 - -9). Suppose -64984 + 11425 = -n*x. Is x composite?
True
Let f(c) = 1175*c + 10. Let g be f(-3). Let k = g - -1910. Let l = 2392 + k. Is l composite?
False
Suppose 8*o - 23*o + 75 = 0. Suppose 2*j - 5*l - 13 = -0*j, 3*l = -3*j + 9. Suppose 0 = 2*m - 5*g - 1330, -o*g - 3295 = -j*m - m. Is m prime?
False
Let b be (50/2)/((-3)/(-42)). Let f = 203 + -106. Let i = b - f. Is i a composite number?
True
Suppose i - 120 = -5*i. Suppose 0 = -4*g + i, 2*k + g = 2591 - 876. Let n = k + -458. Is n composite?
False
Suppose 0 = 3*o - 4*o - 4*k + 15, 2*o - 4*k - 6 = 0. Suppose 0*u + 15 = -3*u + m, -u + m - o = 0. Is -3 + 33/12 + (-2693)/u a prime number?
True
Let l be (-803)/(-5) + (-7)/((-70)/4). Let k = l - 79. Is k a composite number?
True
Let l(q) = 434*q - 1227. Is l(35) prime?
True
Suppose -79 = 12*r - 19. Let u(h) = h**2 + 7*h + 13. Let p be u(r). Suppose 0 = 5*o + 25, p*a = a + 3*o + 6429. Is a composite?
True
Suppose 7*p - 2220 = -5*p. Suppose -4*j - j + z = -p, 4*j + z - 148 = 0. Suppose 2051 = j*b - 30*b. Is b prime?
True
Suppose -76902 = -v + t, 6*v + 9*t - 5*t = 461362. Is v a composite number?
True
Let q(v) = v**2 - 19*v - 45. Let g be 165/10*((-140)/(-15))/7. Is q(g) composite?
True
Suppose 11*k - 32 = 7*k. Suppose -k = -2*a + 2. Is -2 + -1 + (837 - a) composite?
False
Is (-1)/((-4)/(-3329))*(-42828)/249 composite?
True
Let c(b) = 5*b**3 - b**2 - 13*b + 12. Let s(j) = 14*j**3 - 4*j**2 - 42*j + 36. Let l(w) = 7*c(w) - 2*s(w). Is l(5) composite?
False
Let v(q) = -5*q**3 + 2*q**2 + 25*q + 18. Let j be v(-4). Suppose 9*d = j + 16569. Is d a prime number?
True
Let n(t) = 2*t**3 - 14*t**2 + 9*t - 77. Suppose -3*v + 48 = v - 4*x, -2*v = x - 24. Is n(v) prime?
True
Let k(u) = 12*u**2 - 46*u - 7. Let d be k(8). Let v(z) = -z**3 - 7*z**2 - 6*z + 2. Let h be v(-6). Suppose l = 4*c - 3*c - 204, 0 = h*c - 5*l - d. Is c prime?
False
Suppose -3*k + 209499 - 6467 = j, -4*k = 3*j - 609061. Is j composite?
False
Let b be ((-510)/12)/1*(-8)/(-10). Let t(x) = 8*x**2 - 22*x + 103. Is t(b) a prime number?
True
Let g(t) = -4 + 8 + 2 - 3 - 9160*t + 8. Is g(-2) a prime number?
False
Let k = 53 + -49. Suppose -k*u - 44 = -140. Suppose -27*a + u*a = -2343. Is a a prime number?
False
Let s(o) = o**3 - 9*o**2 + 7*o + 21. Let q(c) = 11*c**3 - c**2 - 2*c. Let w be q(2). Suppose g = 9*g - w. Is s(g) composite?
False
Let v = -32560 + 261279. Is v a composite number?
True
Is (-7)/(-182) - 197807427/(-702) a composite number?
False
Let d(j) = j**2 + 2*j - 5. Let c = 35 - 41. Let f be d(c). Suppose 0 = 4*n + f - 3047. Is n a composite number?
False
Suppose 44 = 8*z + 4. Suppose h = -3*w + 12904, -h = -z*w + 4*w - 12896. Is h a composite number?
True
Suppose -3519282 = -5*c - 73*c. Is c prime?
True
Let t(n) = 10652*n**2 + 121*n + 362. Is t(-3) a composite number?
True
Suppose 0 = -5466*p + 5404*p + 1126106. Is p prime?
False
Suppose -5 + 19 = 2*x + 2*g, 0 = 3*x + g - 23. Suppose -x*z = -4680 - 10768. Is z a composite number?
False
Suppose 75*q - 2695555 + 494672 = -32*q. Is q a composite number?
True
Suppose 20961 - 58251 = -6*n. Suppose 10*x + 1525 = n. Is x prime?
False
Suppose -5466436 + 39036782 = 83*q. Is q a composite number?
True
Let n be (-9746)/(-2) - 108/(-27). Let v = n + -2796. Is v prime?
True
Suppose 0 = 21*b - 15*b - 18. Suppose -4*i + 99 = b*p, 25 + 14 = 2*i + 5*p. Is i/36 + (-5122)/(-8) prime?
True
Let z(k) = 69*k**2 - 289*k - 49. Is z(69) a composite number?
False
Is 864520 + ((-26)/91 - 390/(-42)) a composite number?
True
Suppose -3510995 = -72*j + 1223797. Is j a composite number?
False
Let z(a) = 2*a**2 - 36*a - 2. Let v be z(18). Is (v + 1)/(14/(-3514)) a composite number?
False
Let o be (-8)/3 + 2 + 1285/15. Let l = 616 + o. Suppose -17*d = -18*d + l. Is d a composite number?
False
Let p be (4 - 4)/((-2)/(-2)). Suppose 58*g - 59*g + 1163 = p. Is g prime?
True
Let q(x) = x**2 - x - 8. Let f be q(-3). Let o be f + (-1)/(-2)*-4. Suppose o*h - 1078 = 1884. Is h a prime number?
True
Let k be (-476)/(-170) - 2/(-10). Suppose 4*j - 237 = l, -2*j - k*l = -j - 56. Is j prime?
True
Let d = 315 + -559. Let i = 1142 + d. Suppose i - 193 = 3*b. Is b a composite number?
True
Suppose t - 10 = 5*q, -5*t - 4 = -4*t + 2*q. Suppose -41*s + 43*s - 382 = t. Is s composite?
False
Suppose -4446 = -3*p + 1281. Let i = 5320 + p. Is i/6 - (-13)/78 prime?
False
Let g(t) = 32*t + 35. Let r be g(-1). Is 11/(44/r)*(-73452)/(-9) composite?
False
Let m(h) = -4*h**2 + 17*h + 9. Let r be m(5). Is -2*(-1)/r*-381 composite?
False
Let o(j) = -j**2 - 9*j - 31. Let r be o(-6). Let c(i) = -1826*i - 141. Is c(r) a composite number?
True
Let c = -19 + 23. Suppose 3*q - c = 2. Is 1210 - (2 + -5 + q) a prime number?
False
Let n(a) = 347*a + 45. Let p(o) = -173*o - 23. Let b(z) = -4*n(z) - 7*p(z). Is b(-6) a prime number?
False
Let n(k) = -10194*k + 10101. Is n(-54) a prime number?
False
Let t(i) = -i**3 + 14*i**2 + i - 14. Let j be t(14). Suppose j = -9*r + 11*r - 332. Let z = r - -13. Is z a prime number?
True
Let d(t) be the first derivative of t**4/4 - 4*t**3 + 9*t**2/2 + 27*t - 4. Let b be d(11). Suppose 2*r - 757 + 4557 = 4*g, -b*g = r - 4743. Is g prime?
False
Let l(p) be the second derivative of 12*p**5 - p**3/3 + p**2/2 - p. Suppose -373*c = -352*c - 21. Is l(c) a prime number?
True
Suppose 14*j = 3*j + 44. Suppose 5*w = -j*x - 3128, 5*w + 2*x + 36 + 3088 = 0. Let d = w + 1105. Is d a prime number?
False
Let o = -301 + 196. Let l = o - -110. Suppose 2*y = -4*t + 598, 2*y + 3*y - 1450 = l*t. Is y a composite number?
False